-- https://www.phpmyadmin.net/
--
-- Hôte : lieberrreportage.mysql.db
-- Généré le : ven. 12 juin 2026 à 16:30
-- Version du serveur : 8.4.8-8
-- Version de PHP : 8.4.10

START TRANSACTION;



--
-- Base de données : `lieberrreportage`
--

-- --------------------------------------------------------

--
-- Structure de la table `client_galleries`
--

CREATE TABLE `client_galleries` (
  `id` int UNSIGNED NOT NULL,
  `slug` varchar(160) COLLATE utf8mb4_unicode_ci NOT NULL,
  `title` varchar(255) COLLATE utf8mb4_unicode_ci NOT NULL,
  `client_name` varchar(255) COLLATE utf8mb4_unicode_ci NOT NULL DEFAULT '',
  `intro` text COLLATE utf8mb4_unicode_ci,
  `access_code_hash` varchar(255) COLLATE utf8mb4_unicode_ci NOT NULL,
  `status` varchar(20) COLLATE utf8mb4_unicode_ci NOT NULL DEFAULT 'selection',
  `selection_locked` tinyint(1) NOT NULL DEFAULT '0',
  `client_comment` text COLLATE utf8mb4_unicode_ci,
  `cover_photo_id` int UNSIGNED DEFAULT NULL,
  `expires_at` datetime DEFAULT NULL,
  `validated_at` datetime DEFAULT NULL,
  `last_access_at` datetime DEFAULT NULL,
  `created_at` datetime NOT NULL DEFAULT CURRENT_TIMESTAMP,
  `updated_at` datetime NOT NULL DEFAULT CURRENT_TIMESTAMP ON UPDATE CURRENT_TIMESTAMP
) ENGINE=InnoDB DEFAULT CHARSET=utf8mb4 COLLATE=utf8mb4_unicode_ci;

--
-- Déchargement des données de la table `client_galleries`
--

INSERT INTO `client_galleries` (`id`, `slug`, `title`, `client_name`, `intro`, `access_code_hash`, `status`, `selection_locked`, `client_comment`, `cover_photo_id`, `expires_at`, `validated_at`, `last_access_at`, `created_at`, `updated_at`) VALUES
(1, 'test', '80 ans de l\'ETAP', 'École des troupes aéroportées', '', '$2y$12$oWgvDBiaHGn2ydfWqgmQ4uuhFxaOqi/v0hKePbjZ6RelLyeMuHpP.', 'delivery', 1, 'Ok', NULL, NULL, '2026-06-12 14:31:18', '2026-06-12 15:44:25', '2026-06-12 13:49:58', '2026-06-12 15:44:25');

-- --------------------------------------------------------

--
-- Structure de la table `client_gallery_photos`
--

CREATE TABLE `client_gallery_photos` (
  `id` int UNSIGNED NOT NULL,
  `gallery_id` int UNSIGNED NOT NULL,
  `source_name` varchar(255) COLLATE utf8mb4_unicode_ci NOT NULL,
  `preview_stored_name` varchar(255) COLLATE utf8mb4_unicode_ci NOT NULL,
  `preview_mime` varchar(100) COLLATE utf8mb4_unicode_ci NOT NULL,
  `preview_size` bigint UNSIGNED NOT NULL DEFAULT '0',
  `width` int UNSIGNED NOT NULL DEFAULT '0',
  `height` int UNSIGNED NOT NULL DEFAULT '0',
  `ordre` int NOT NULL DEFAULT '0',
  `is_selected` tinyint(1) NOT NULL DEFAULT '0',
  `client_comment` text COLLATE utf8mb4_unicode_ci,
  `delivery_stored_name` varchar(255) COLLATE utf8mb4_unicode_ci DEFAULT NULL,
  `delivery_original_name` varchar(255) COLLATE utf8mb4_unicode_ci DEFAULT NULL,
  `delivery_mime` varchar(100) COLLATE utf8mb4_unicode_ci DEFAULT NULL,
  `delivery_size` bigint UNSIGNED DEFAULT NULL,
  `download_enabled` tinyint(1) NOT NULL DEFAULT '0',
  `created_at` datetime NOT NULL DEFAULT CURRENT_TIMESTAMP,
  `updated_at` datetime NOT NULL DEFAULT CURRENT_TIMESTAMP ON UPDATE CURRENT_TIMESTAMP
) ENGINE=InnoDB DEFAULT CHARSET=utf8mb4 COLLATE=utf8mb4_unicode_ci;

--
-- Déchargement des données de la table `client_gallery_photos`
--

INSERT INTO `client_gallery_photos` (`id`, `gallery_id`, `source_name`, `preview_stored_name`, `preview_mime`, `preview_size`, `width`, `height`, `ordre`, `is_selected`, `client_comment`, `delivery_stored_name`, `delivery_original_name`, `delivery_mime`, `delivery_size`, `download_enabled`, `created_at`, `updated_at`) VALUES
(1, 1, '2011-1.jpg', 'b9edb60accf2f784ea1e7beeabaea6c12062.jpg', 'image/jpeg', 4431748, 4545, 3030, 0, 1, NULL, '73e5d00cf134aac0e9ace9fb78bd6a20f67d.webp', 'TableauAquarelledeProvence_1280x.webp', 'image/webp', 142108, 1, '2026-06-12 13:50:35', '2026-06-12 15:43:03'),
(2, 1, '2011-2.jpg', 'bf2040e08236dd1f2bd473929185ed7c2529.jpg', 'image/jpeg', 3187555, 3264, 4896, 1, 1, NULL, '163fab282781b5c3223c167d30cf29afe7b3.png', 'Flamme.png', 'image/png', 4489, 1, '2026-06-12 13:50:50', '2026-06-12 14:33:24'),
(3, 1, 'mini-beignet-nature-20-g-x-140-unites.jpg', '13196a8cc2f8ecf9613b632f4d923029c79d.jpg', 'image/png', 207100, 381, 492, 2, 1, NULL, '4b6af0c1bd839be3eab2bc1e562c36172a61.webp', 'TableauAquarelledeProvence_1280x.webp', 'image/webp', 142108, 1, '2026-06-12 13:51:05', '2026-06-12 14:33:30'),
(4, 1, 'TableauAquarelledeProvence_1280x.webp', 'ae4cde5f4945da49765362a182e174ae5d7b.webp', 'image/webp', 142108, 1000, 1000, 3, 0, NULL, NULL, NULL, NULL, NULL, 0, '2026-06-12 13:51:05', '2026-06-12 13:51:05');

-- --------------------------------------------------------

--
-- Structure de la table `photos`
--

CREATE TABLE `photos` (
  `id` int NOT NULL,
  `reportage_id` int NOT NULL,
  `filename` varchar(255) CHARACTER SET utf8mb4 COLLATE utf8mb4_unicode_ci NOT NULL,
  `ordre` int NOT NULL DEFAULT '0',
  `mise_en_page` varchar(50) CHARACTER SET utf8mb4 COLLATE utf8mb4_unicode_ci DEFAULT 'pleine',
  `alt_text` varchar(500) COLLATE utf8mb4_unicode_ci DEFAULT NULL,
  `created_at` timestamp NULL DEFAULT CURRENT_TIMESTAMP
) ENGINE=InnoDB DEFAULT CHARSET=utf8mb4 COLLATE=utf8mb4_unicode_ci;

--
-- Déchargement des données de la table `photos`
--

INSERT INTO `photos` (`id`, `reportage_id`, `filename`, `ordre`, `mise_en_page`, `alt_text`, `created_at`) VALUES
(1, 1, 'photo-01.jpg', 0, 'pleine', NULL, '2026-05-16 13:58:12'),
(2, 1, 'photo-02.jpg', 1, 'pleine', NULL, '2026-05-16 13:58:12'),
(3, 1, 'photo-03.jpg', 2, 'pleine', NULL, '2026-05-16 13:58:12'),
(4, 1, 'photo-04.jpg', 3, 'pleine', NULL, '2026-05-16 13:58:12'),
(5, 1, 'photo-05.jpg', 4, 'pleine', NULL, '2026-05-16 13:58:12'),
(6, 1, 'photo-06.jpg', 5, 'pleine', NULL, '2026-05-16 13:58:12'),
(7, 1, 'photo-07.jpg', 6, 'pleine', NULL, '2026-05-16 13:58:12'),
(8, 1, 'photo-08.jpg', 7, 'pleine', NULL, '2026-05-16 13:58:12'),
(9, 1, 'photo-09.jpg', 8, 'pleine', NULL, '2026-05-16 13:58:12'),
(10, 1, 'photo-10.jpg', 9, 'pleine', NULL, '2026-05-16 13:58:12'),
(11, 1, 'photo-11.jpg', 10, 'pleine', NULL, '2026-05-16 13:58:12'),
(12, 1, 'photo-12.jpg', 11, 'pleine', NULL, '2026-05-16 13:58:12'),
(13, 1, 'photo-13.jpg', 12, 'pleine', NULL, '2026-05-16 13:58:12'),
(14, 1, 'photo-14.jpg', 13, 'pleine', NULL, '2026-05-16 13:58:12'),
(15, 1, 'photo-15.jpg', 14, 'pleine', NULL, '2026-05-16 13:58:12'),
(16, 2, 'photo-01.jpg', 0, 'pleine', 'Pionniers et musique de la Légion étrangère défilant devant le Palais national à Mexico, sur la place de la Constitution (Zócalo).', '2026-05-16 13:58:12'),
(17, 2, 'photo-02.jpg', 1, 'pleine', 'Militaire mexicain portant un drapeau d’unité à contre-jour.', '2026-05-16 13:58:12'),
(18, 2, 'photo-03.jpg', 2, 'pleine', 'Portrait de profil d’un légionnaire pionnier coiffé de son képi blanc.', '2026-05-16 13:58:12'),
(19, 2, 'photo-04.jpg', 3, 'pleine', 'Pionniers de la Légion étrangère défilant dans une rue de Camaròn de Tejeda devant les photographes.', '2026-05-16 13:58:12'),
(20, 2, 'photo-05.jpg', 4, 'pleine', 'Portrait en pied d’un pionnier de la légion étrangère devant le dernier mur encore d\'origine de l\'hacienda où s\'est déroulé le combat de Camerone.', '2026-05-16 13:58:12'),
(21, 2, 'photo-06.jpg', 5, 'pleine', 'Des légionnaires ajustent leurs tabliers de pionniers avant la cérémonie.', '2026-05-16 13:58:12'),
(22, 2, 'photo-07.jpg', 6, 'pleine', 'Une militaire entretient son uniforme avant les répétitions du défilé.', '2026-05-16 13:58:12'),
(23, 2, 'photo-08.jpg', 7, 'pleine', 'Silhouettes de pionniers aperçues à travers une vitre mouillée.', '2026-05-16 13:58:12'),
(24, 2, 'photo-09.jpg', 8, 'pleine', 'Formation de la Légion étrangère sous les drapeaux français et mexicain, au monument aux morts de Camaròn de Tejeda.', '2026-05-16 13:58:12'),
(25, 2, 'photo-10.jpg', 9, 'pleine', 'Tambours militaires mexicains alignés devant la cathédrale de Mexico.', '2026-05-16 13:58:12'),
(26, 2, 'photo-11.jpg', 10, 'pleine', 'Militaires en tenue de cérémonie au milieu des délégations rassemblées pour la cérémonie.', '2026-05-16 13:58:12'),
(27, 2, 'photo-12.jpg', 11, 'pleine', 'Pionniers et musique de la Légion étrangère réunis pour une photographie de groupe devant le monument aux morts de Camaròn de Tejada.', '2026-05-16 13:58:12'),
(28, 2, 'photo-13.jpg', 12, 'pleine', 'Batterie d’artillerie mexicaine tirant une salve cérémonielle sur la place de la Constitution (Zócalo).', '2026-05-16 13:58:12'),
(29, 2, 'photo-14.jpg', 13, 'pleine', 'Militaire descendant en corde lisse depuis un hélicoptère mexicain sur la place de la Constitution (Zócalo).', '2026-05-16 13:58:12'),
(30, 2, 'photo-15.jpg', 14, 'pleine', 'Parachutiste mexicain descendant avec le drapeau national sous une voile tricolore.', '2026-05-16 13:58:12'),
(31, 3, 'photo-01.jpg', 0, 'pleine', 'Légionnaires du 3e régiment étranger d\'infanterie assurant la surveillance du centre spatial guyanais, lors d\'un lancement de la fusée Vega.', '2026-05-16 13:58:12'),
(32, 3, 'photo-02.jpg', 1, 'pleine', 'Véhicule chenillé du 3e régiment étranger d\'infanterie patrouillant dans la zone du Centre spatial guyanais.', '2026-05-16 13:58:12'),
(33, 3, 'photo-03.jpg', 2, 'pleine', 'Patrouilles fluviales des légionnaires du 3e régiment étranger d\'infanterie progressant en embarcations légères sur un cours d’eau bordé de mangrove, au sein de la zone du Centre spatial guyanais.', '2026-05-16 13:58:12'),
(34, 3, 'photo-04.jpg', 3, 'pleine', 'Patrouilles de reconnaissance en quad des légionnaires du 3e régiment étranger d\'infanterie sur une piste forestière.', '2026-05-16 13:58:12'),
(36, 3, 'photo-06.jpg', 5, 'pleine', 'Chef de pièce sol-air Mistral indiquant un secteur d\'observation à son tireur.', '2026-05-16 13:58:12'),
(37, 3, 'photo-07.jpg', 6, 'pleine', 'Une pièce sol-air Mistral en protection du Centre spatial guyanais.', '2026-05-16 13:58:12'),
(38, 3, 'photo-08.jpg', 7, 'pleine', 'Un pilote de véhicule chenillé du 3e régiment étranger d\'infanterie vu à travers la vitre de la cabine.', '2026-05-16 13:58:12'),
(39, 3, 'photo-09.jpg', 8, 'pleine', 'Légionnaire du 3e régiment étranger d\'infanterie en patrouille à pied devant un véhicule chenillé sur une piste du Centre spatial guyanais.', '2026-05-16 13:58:12'),
(40, 4, 'photo-01.jpg', 0, 'pleine', 'Une pirogue sur l\'Oyapock au lever du soleil, entre les arbres de les rives de la France et du Brésil, à Camopi.', '2026-05-16 13:58:12'),
(41, 4, 'photo-02.jpg', 1, 'pleine', 'Rayons du soleil traversant les nuages au-dessus de l’océan et de petits îlots.', '2026-05-16 13:58:12'),
(42, 4, 'photo-03.jpg', 2, 'pleine', 'Piste de terre isolée traversant la forêt équatoriale vue du ciel.', '2026-05-16 13:58:12'),
(43, 4, 'photo-04.jpg', 3, 'pleine', 'Cours d’eau bordé de forêt tropicale, de rochers et de quelques habitations, à proximité de Camopi, à la frontière entre la France et le Brésil.', '2026-05-16 13:58:12'),
(44, 4, 'photo-05.jpg', 4, 'pleine', 'La tour Dreyfus, sur la pointe des Roches, à Kourou, entourée de palmiers et reflétée dans une étendue d’eau.', '2026-05-16 13:58:12'),
(45, 4, 'photo-06.jpg', 5, 'pleine', 'Pêcheurs dispersés sur la pointe des Roches, à Kourou, face à une mer calme.', '2026-05-16 13:58:12'),
(46, 4, 'photo-07.jpg', 6, 'pleine', 'Projecteur allumé devant des bateaux amarrés au crépuscule, sur le port de Pariacabo.', '2026-05-16 13:58:12'),
(72, 7, 'photo-01.jpg', 0, 'pleine', 'Légionnaires au départ du cross de la Fourragère.', '2026-05-28 05:00:17'),
(73, 7, 'photo-02.jpg', 1, 'pleine', 'Derniers efforts lors du cross de la Fourragère.', '2026-05-28 05:00:18'),
(74, 7, 'photo-03.jpg', 3, 'pleine', 'Un militaire arrosé d’eau pendant les challenges sportifs de la Fourragère.', '2026-05-28 05:00:19'),
(75, 7, 'photo-04.jpg', 2, 'pleine', 'Franchissement d\'obstacles lors des challenges sportifs de la Fourragère.', '2026-05-28 05:00:19'),
(76, 7, 'photo-05.jpg', 5, 'pleine', 'Portrait de profil d’un officier de légion pendant la cérémonie de la Fourragère.', '2026-05-28 05:00:20'),
(77, 7, 'photo-06.jpg', 6, 'pleine', 'Arrivée de la garde au drapeau lors de la cérémonie de la Fourragère.', '2026-05-28 05:00:21'),
(78, 7, 'photo-07.jpg', 7, 'pleine', 'Légionnaires en tenue de cérémonie devant l\'inscription « 3 REI » enflammée, lors de la cérémonie de la Fourragère.', '2026-05-28 05:00:21'),
(79, 7, 'photo-08.jpg', 8, 'pleine', 'Militaires en tenue de cérémonie vus de dos et éclairés à contre-jour.', '2026-05-28 05:00:22'),
(80, 7, 'photo-09.jpg', 12, 'pleine', 'Lé général commandant la Légion étrangère remet un décret de naturalisation à un légionnaire lors de la fête de la Fourragère.', '2026-05-28 05:00:23'),
(81, 7, 'photo-10.jpg', 9, 'pleine', 'Un légionnaire conduit un enfant en quad pendant la journée portes ouvertes au 3e régiment étranger d\'infanterie.', '2026-05-28 05:00:23'),
(82, 7, 'photo-11.jpg', 13, 'pleine', 'Une candidate défilant sur scène lors de l’élection de Miss Képi blanc 2023.', '2026-05-28 05:00:24'),
(83, 7, 'photo-12.jpg', 14, 'pleine', 'Trois lauréates de Miss Képi blanc au 3e régiment étranger d\'infanterie posant avec leurs bouquets et leurs écharpes.', '2026-05-28 05:00:25'),
(84, 7, 'photo-13.jpg', 4, 'pleine', 'Mise en place nocturne pour la cérémonie de la Fourragère.', '2026-05-28 05:00:25'),
(85, 7, 'photo-14.jpg', 11, 'pleine', 'Silhouettes de légionnaires en armes sous un puissant projecteur pendant la prise d’armes de la Fourragère.', '2026-05-28 05:00:26'),
(86, 7, 'photo-15.jpg', 10, 'pleine', 'Silhouettes de deux légionnaires en képi devant l’inscription « 3 REI » en flammes.', '2026-05-28 05:00:26');

-- --------------------------------------------------------

--
-- Structure de la table `photos_v2`
--

CREATE TABLE `photos_v2` (
  `id` int NOT NULL,
  `reportage_id` int NOT NULL,
  `filename` varchar(255) CHARACTER SET utf8mb4 COLLATE utf8mb4_unicode_ci NOT NULL,
  `ordre` int NOT NULL DEFAULT '0',
  `mise_en_page` varchar(50) CHARACTER SET utf8mb4 COLLATE utf8mb4_unicode_ci DEFAULT 'pleine',
  `created_at` timestamp NULL DEFAULT CURRENT_TIMESTAMP
) ENGINE=InnoDB DEFAULT CHARSET=utf8mb4 COLLATE=utf8mb4_unicode_ci;

--
-- Déchargement des données de la table `photos_v2`
--

INSERT INTO `photos_v2` (`id`, `reportage_id`, `filename`, `ordre`, `mise_en_page`, `created_at`) VALUES
(1, 1, 'photo-01.jpg', 0, 'pleine', '2026-05-16 13:58:12'),
(2, 1, 'photo-02.jpg', 1, 'pleine', '2026-05-16 13:58:12'),
(3, 1, 'photo-03.jpg', 2, 'pleine', '2026-05-16 13:58:12'),
(4, 1, 'photo-04.jpg', 3, 'pleine', '2026-05-16 13:58:12'),
(5, 1, 'photo-05.jpg', 4, 'pleine', '2026-05-16 13:58:12'),
(6, 1, 'photo-06.jpg', 5, 'pleine', '2026-05-16 13:58:12'),
(7, 1, 'photo-07.jpg', 6, 'pleine', '2026-05-16 13:58:12'),
(8, 1, 'photo-08.jpg', 7, 'pleine', '2026-05-16 13:58:12'),
(9, 1, 'photo-09.jpg', 8, 'pleine', '2026-05-16 13:58:12'),
(10, 1, 'photo-10.jpg', 9, 'pleine', '2026-05-16 13:58:12'),
(11, 1, 'photo-11.jpg', 10, 'pleine', '2026-05-16 13:58:12'),
(12, 1, 'photo-12.jpg', 11, 'pleine', '2026-05-16 13:58:12'),
(13, 1, 'photo-13.jpg', 12, 'pleine', '2026-05-16 13:58:12'),
(14, 1, 'photo-14.jpg', 13, 'pleine', '2026-05-16 13:58:12'),
(15, 1, 'photo-15.jpg', 14, 'pleine', '2026-05-16 13:58:12'),
(16, 2, 'photo-01.jpg', 0, 'pleine', '2026-05-16 13:58:12'),
(17, 2, 'photo-02.jpg', 1, 'pleine', '2026-05-16 13:58:12'),
(18, 2, 'photo-03.jpg', 2, 'pleine', '2026-05-16 13:58:12'),
(19, 2, 'photo-04.jpg', 3, 'pleine', '2026-05-16 13:58:12'),
(20, 2, 'photo-05.jpg', 4, 'pleine', '2026-05-16 13:58:12'),
(21, 2, 'photo-06.jpg', 5, 'pleine', '2026-05-16 13:58:12'),
(22, 2, 'photo-07.jpg', 6, 'pleine', '2026-05-16 13:58:12'),
(23, 2, 'photo-08.jpg', 7, 'pleine', '2026-05-16 13:58:12'),
(24, 2, 'photo-09.jpg', 8, 'pleine', '2026-05-16 13:58:12'),
(25, 2, 'photo-10.jpg', 9, 'pleine', '2026-05-16 13:58:12'),
(26, 2, 'photo-11.jpg', 10, 'pleine', '2026-05-16 13:58:12'),
(27, 2, 'photo-12.jpg', 11, 'pleine', '2026-05-16 13:58:12'),
(28, 2, 'photo-13.jpg', 12, 'pleine', '2026-05-16 13:58:12'),
(29, 2, 'photo-14.jpg', 13, 'pleine', '2026-05-16 13:58:12'),
(30, 2, 'photo-15.jpg', 14, 'pleine', '2026-05-16 13:58:12'),
(31, 3, 'photo-01.jpg', 0, 'pleine', '2026-05-16 13:58:12'),
(32, 3, 'photo-02.jpg', 1, 'pleine', '2026-05-16 13:58:12'),
(33, 3, 'photo-03.jpg', 2, 'pleine', '2026-05-16 13:58:12'),
(34, 3, 'photo-04.jpg', 3, 'pleine', '2026-05-16 13:58:12'),
(35, 3, 'photo-05.jpg', 4, 'pleine', '2026-05-16 13:58:12'),
(36, 3, 'photo-06.jpg', 5, 'pleine', '2026-05-16 13:58:12'),
(37, 3, 'photo-07.jpg', 6, 'pleine', '2026-05-16 13:58:12'),
(38, 3, 'photo-08.jpg', 7, 'pleine', '2026-05-16 13:58:12'),
(39, 3, 'photo-09.jpg', 8, 'pleine', '2026-05-16 13:58:12'),
(40, 4, 'photo-01.jpg', 0, 'pleine', '2026-05-16 13:58:12'),
(41, 4, 'photo-02.jpg', 1, 'pleine', '2026-05-16 13:58:12'),
(42, 4, 'photo-03.jpg', 2, 'pleine', '2026-05-16 13:58:12'),
(43, 4, 'photo-04.jpg', 3, 'pleine', '2026-05-16 13:58:12'),
(44, 4, 'photo-05.jpg', 4, 'pleine', '2026-05-16 13:58:12'),
(45, 4, 'photo-06.jpg', 5, 'pleine', '2026-05-16 13:58:12'),
(46, 4, 'photo-07.jpg', 6, 'pleine', '2026-05-16 13:58:12');

-- --------------------------------------------------------

--
-- Structure de la table `reportages`
--

CREATE TABLE `reportages` (
  `id` int NOT NULL,
  `slug` varchar(190) CHARACTER SET utf8mb4 COLLATE utf8mb4_unicode_ci NOT NULL,
  `titre` varchar(255) CHARACTER SET utf8mb4 COLLATE utf8mb4_unicode_ci NOT NULL,
  `sous_titre` varchar(255) CHARACTER SET utf8mb4 COLLATE utf8mb4_unicode_ci DEFAULT NULL,
  `date` date DEFAULT NULL,
  `lieu` varchar(255) CHARACTER SET utf8mb4 COLLATE utf8mb4_unicode_ci DEFAULT NULL,
  `contexte` text CHARACTER SET utf8mb4 COLLATE utf8mb4_unicode_ci,
  `description` longtext CHARACTER SET utf8mb4 COLLATE utf8mb4_unicode_ci,
  `tags` varchar(500) CHARACTER SET utf8mb4 COLLATE utf8mb4_unicode_ci DEFAULT NULL,
  `cover_image` varchar(255) CHARACTER SET utf8mb4 COLLATE utf8mb4_unicode_ci DEFAULT 'photo-01.jpg',
  `created_at` timestamp NULL DEFAULT CURRENT_TIMESTAMP,
  `updated_at` timestamp NULL DEFAULT CURRENT_TIMESTAMP ON UPDATE CURRENT_TIMESTAMP
) ENGINE=InnoDB DEFAULT CHARSET=utf8mb4 COLLATE=utf8mb4_unicode_ci;

--
-- Déchargement des données de la table `reportages`
--

INSERT INTO `reportages` (`id`, `slug`, `titre`, `sous_titre`, `date`, `lieu`, `contexte`, `description`, `tags`, `cover_image`, `created_at`, `updated_at`) VALUES
(1, 'reportage-jungle', 'Stage commando jungle', 'Entraînements · Outre-mer', NULL, 'Guyane française', '', 'En forêt équatoriale guyanaise, des recrues affrontent les épreuves du stage commando jungle — boue, pluie, obstacles, épuisement. Ce reportage cherche à saisir l\'endurance et la solidarité au-delà du mythe, dans la réalité physique et humaine de chaque instant.', 'Stage commando, jungle, 3e REI', 'photo-01.jpg', '2026-05-16 13:58:12', '2026-05-16 13:58:12'),
(2, 'reportage-mexique', 'La Légion étrangère au Mexique', 'Cérémonies · International', NULL, 'Mexique', '', 'Chaque année, la Légion étrangère commémore la bataille de Camerone, livrée le 30 avril 1863 au Mexique. Ce reportage documente le voyage de la Légion en 2021, sur les terres de cette bataille fondatrice, invitée par le Mexique pour la fête de l\'indépendance : cérémonies, défilés, rencontres avec l\'armée mexicaine avec la présence des pionniers et de la musique de la Légion étrangère.', 'Légion étrangère, Camerone, Mexique, 1er RE', 'photo-01.jpg', '2026-05-16 13:58:12', '2026-05-16 15:21:35'),
(3, 'reportage-titan', 'La Mission Titan', 'Opérations · Outre-mer', NULL, 'Guyane française', '', 'La mission Titan confie aux légionnaires du 3e REI la protection terrestre du Centre Spatial Guyanais, site stratégique d\'où s\'élancent les fusées Ariane et Vega. De la forêt équatoriale au pas de tir, la mission s\'écrit de jour comme de nuit, sur l\'eau ou en jungle. Ce reportage suit ces hommes dans la diversité de leurs postes, à la croisée du quotidien militaire et du symbole spatial.', 'Mission Titan, 3e REI, Kourou', 'photo-01.jpg', '2026-05-16 13:58:12', '2026-06-06 19:06:43'),
(4, 'reportage-guyane', 'La Guyane, terres et eaux', 'Paysages · Outre-mer', NULL, 'Guyane française', '', 'Entre deux missions, le regard se pose. Sur la canopée infinie, sur les fleuves qui serpentent, sur l\'estuaire où les pêcheurs attendent l\'aube. La Guyane, c\'est aussi cela : un territoire autant de silence que du bruit de la jungle, de ciels immenses ou chargés de nuages et d\'eaux paisibles ou tumultueuses. Ce reportage rassemble les paysages saisis hors du tumulte des opérations — quand la lumière, seule, raconte la mémoire des lieux.', 'Paysages, Guyane', 'photo-01.jpg', '2026-05-16 13:58:12', '2026-05-17 13:22:09'),
(7, 'festivites-fourragere', 'Les festivités de la Fourragère', 'Sport, esprit de corps et tradition', '2023-09-15', 'Kourou, Guyane française', 'En Guyane, le 3e régiment étranger d’infanterie célèbre la fête de la Fourragère, entre épreuves sportives, cérémonie militaire et transmission de la mémoire régimentaire.', 'En Guyane, chaque année, le 3e régiment étranger d’infanterie célèbre la fête de la Fourragère, en mémoire de la percée de la ligne Hindenburg, le 14 septembre 1918. Ces journées mêlent effort, esprit de corps et tradition. Les légionnaires se mesurent lors d’épreuves sportives exigeantes, entre course, parcours d’obstacles et dépassement de soi. À la nuit tombée, les tenues de combat cèdent la place aux uniformes de cérémonie. Une prise d’armes rappelle l’histoire du régiment, et la bravoure collective que symbolise la fourragère. Le lendemain, le régiment ouvre ses portes et permet aux familles ainsi qu’aux civils de mieux le connaitre, sans oublier la très attendue élection de miss Képi blanc !', 'Guyane, Kourou, Légion étrangère, 3e REI, cérémonie, sport, challenge, miss képi blanc, portes ouvertes', 'photo-06.jpg', '2026-05-18 16:52:20', '2026-06-12 09:27:56');

-- --------------------------------------------------------

--
-- Structure de la table `reportages_v2`
--

CREATE TABLE `reportages_v2` (
  `id` int NOT NULL,
  `slug` varchar(190) CHARACTER SET utf8mb4 COLLATE utf8mb4_unicode_ci NOT NULL,
  `titre` varchar(255) CHARACTER SET utf8mb4 COLLATE utf8mb4_unicode_ci NOT NULL,
  `sous_titre` varchar(255) CHARACTER SET utf8mb4 COLLATE utf8mb4_unicode_ci DEFAULT NULL,
  `date` date DEFAULT NULL,
  `lieu` varchar(255) CHARACTER SET utf8mb4 COLLATE utf8mb4_unicode_ci DEFAULT NULL,
  `contexte` text CHARACTER SET utf8mb4 COLLATE utf8mb4_unicode_ci,
  `description` longtext CHARACTER SET utf8mb4 COLLATE utf8mb4_unicode_ci,
  `tags` varchar(500) CHARACTER SET utf8mb4 COLLATE utf8mb4_unicode_ci DEFAULT NULL,
  `cover_image` varchar(255) CHARACTER SET utf8mb4 COLLATE utf8mb4_unicode_ci DEFAULT 'photo-01.jpg',
  `created_at` timestamp NULL DEFAULT CURRENT_TIMESTAMP,
  `updated_at` timestamp NULL DEFAULT CURRENT_TIMESTAMP ON UPDATE CURRENT_TIMESTAMP
) ENGINE=InnoDB DEFAULT CHARSET=utf8mb4 COLLATE=utf8mb4_unicode_ci;

--
-- Déchargement des données de la table `reportages_v2`
--

INSERT INTO `reportages_v2` (`id`, `slug`, `titre`, `sous_titre`, `date`, `lieu`, `contexte`, `description`, `tags`, `cover_image`, `created_at`, `updated_at`) VALUES
(1, 'reportage-jungle', 'Stage commando jungle', 'Entraînements · Outre-mer', NULL, 'Guyane française', '', 'En forêt équatoriale guyanaise, des recrues affrontent les épreuves du stage commando jungle — boue, pluie, obstacles, épuisement. Ce reportage cherche à saisir l\'endurance et la solidarité au-delà du mythe, dans la réalité physique et humaine de chaque instant.', 'Stage commando, jungle, 3e REI', 'photo-01.jpg', '2026-05-16 13:58:12', '2026-05-16 13:58:12'),
(2, 'reportage-mexique', 'La Légion étrangère au Mexique', 'Cérémonies · International', NULL, 'Mexique', '', 'Chaque année, la Légion étrangère commémore la bataille de Camerone, livrée le 30 avril 1863 au Mexique. Ce reportage documente le voyage de la Légion en 2021, sur les terres de cette bataille fondatrice, invitée par le Mexique pour la fête de l\'indépendance : cérémonies, défilés, rencontres avec l\'armée mexicaine avec la présence des pionniers et de la musique de la Légion étrangère.', 'Légion étrangère, Camerone, Mexique, 1er RE', 'photo-01.jpg', '2026-05-16 13:58:12', '2026-05-16 15:21:35'),
(3, 'reportage-titan', 'La Mission Titan', 'Opérations · Outre-mer', NULL, 'Guyane française', '', 'La mission Titan confie aux légionnaires du 3 e REI la protection terrestre du Centre Spatial Guyanais, site stratégique d\'où s\'élancent les fusées Ariane et Vega. De la forêt équatoriale au pas de tir, la mission s\'écrit de jour comme de nuit, sur l\'eau ou en jungle. Ce reportage suit ces hommes dans la diversité de leurs postes, à la croisée du quotidien militaire et du symbole spatial.', 'Mission Titan, 3e REI, Kourou', 'photo-01.jpg', '2026-05-16 13:58:12', '2026-05-16 13:58:12'),
(4, 'reportage-guyane', 'La Guyane, terres et eaux', 'Paysages · Outre-mer', NULL, 'Guyane française', '', 'Entre deux missions, le regard se pose. Sur la canopée infinie, sur les fleuves qui serpentent, sur l\'estuaire où les pêcheurs attendent l\'aube. La Guyane, c\'est aussi cela : un territoire autant de silence que du bruit de la jungle, de ciels immenses ou chargés de nuages et d\'eaux paisibles ou tumultueuses. Ce reportage rassemble les paysages saisis hors du tumulte des opérations — quand la lumière, seule, raconte la mémoire des lieux.', 'Paysages, Guyane', 'photo-01.jpg', '2026-05-16 13:58:12', '2026-05-16 13:58:12');

--
-- Index pour les tables déchargées
--

--
-- Index pour la table `client_galleries`
--
ALTER TABLE `client_galleries`
  ADD PRIMARY KEY (`id`),
  ADD UNIQUE KEY `uq_client_galleries_slug` (`slug`),
  ADD KEY `idx_client_galleries_status` (`status`),
  ADD KEY `idx_client_galleries_expires` (`expires_at`);

--
-- Index pour la table `client_gallery_photos`
--
ALTER TABLE `client_gallery_photos`
  ADD PRIMARY KEY (`id`),
  ADD KEY `idx_client_gallery_photos_gallery` (`gallery_id`,`ordre`,`id`),
  ADD KEY `idx_client_gallery_photos_selected` (`gallery_id`,`is_selected`);

--
-- Index pour la table `photos`
--
ALTER TABLE `photos`
  ADD PRIMARY KEY (`id`),
  ADD KEY `idx_photos_reportage_ordre` (`reportage_id`,`ordre`);

--
-- Index pour la table `photos_v2`
--
ALTER TABLE `photos_v2`
  ADD PRIMARY KEY (`id`),
  ADD KEY `idx_photos_reportage_ordre` (`reportage_id`,`ordre`);

--
-- Index pour la table `reportages`
--
ALTER TABLE `reportages`
  ADD PRIMARY KEY (`id`),
  ADD UNIQUE KEY `uq_reportages_slug` (`slug`),
  ADD KEY `idx_reportages_created_at` (`created_at`);

--
-- Index pour la table `reportages_v2`
--
ALTER TABLE `reportages_v2`
  ADD PRIMARY KEY (`id`),
  ADD UNIQUE KEY `uq_reportages_slug` (`slug`),
  ADD KEY `idx_reportages_created_at` (`created_at`);

--
-- AUTO_INCREMENT pour les tables déchargées
--

--
-- AUTO_INCREMENT pour la table `client_galleries`
--
ALTER TABLE `client_galleries`
  MODIFY `id` int UNSIGNED NOT NULL AUTO_INCREMENT, AUTO_INCREMENT=2;

--
-- AUTO_INCREMENT pour la table `client_gallery_photos`
--
ALTER TABLE `client_gallery_photos`
  MODIFY `id` int UNSIGNED NOT NULL AUTO_INCREMENT, AUTO_INCREMENT=5;

--
-- AUTO_INCREMENT pour la table `photos`
--
ALTER TABLE `photos`
  MODIFY `id` int NOT NULL AUTO_INCREMENT, AUTO_INCREMENT=92;

--
-- AUTO_INCREMENT pour la table `photos_v2`
--
ALTER TABLE `photos_v2`
  MODIFY `id` int NOT NULL AUTO_INCREMENT, AUTO_INCREMENT=56;

--
-- AUTO_INCREMENT pour la table `reportages`
--
ALTER TABLE `reportages`
  MODIFY `id` int NOT NULL AUTO_INCREMENT, AUTO_INCREMENT=8;

--
-- AUTO_INCREMENT pour la table `reportages_v2`
--
ALTER TABLE `reportages_v2`
  MODIFY `id` int NOT NULL AUTO_INCREMENT, AUTO_INCREMENT=8;

--
-- Contraintes pour les tables déchargées
--

--
-- Contraintes pour la table `client_gallery_photos`
--
ALTER TABLE `client_gallery_photos`
  ADD CONSTRAINT `fk_client_gallery_photos_gallery` FOREIGN KEY (`gallery_id`) REFERENCES `client_galleries` (`id`) ON DELETE CASCADE;

--
-- Contraintes pour la table `photos`
--
ALTER TABLE `photos`
  ADD CONSTRAINT `fk_photos_reportage` FOREIGN KEY (`reportage_id`) REFERENCES `reportages` (`id`) ON DELETE CASCADE;
COMMIT;

